
Let d be (11 + 1)/(9*3/504). Calculate the highest common factor of 32 and d.
32
Let h = 56 + -43. Calculate the greatest common factor of 26 and h.
13
Suppose 0 = -0*p - 2*p + 20. Let j = 23 - 13. What is the highest common divisor of p and j?
10
Suppose -2*u + 20 = 2*u. Suppose -2*s + 27 = -s + 2*z, u*z - 5 = 0. Calculate the highest common factor of s and 5.
5
Let n = 311 + -121. What is the greatest common divisor of 76 and n?
38
Suppose -s = -5*g + 54, -5*g - 5*s + 30 = -0*g. Let z(t) = 29*t + 2. Let b be z(2). Calculate the greatest common factor of g and b.
10
Let o(l) = -l**2 + 6*l + 13. Let v be o(7). What is the highest common divisor of 15 and v?
3
Suppose 44*k + 88 = 52*k. Calculate the highest common divisor of k and 3.
1
Let x = -9 + 34. Let y(h) = h**2 + 3*h + 4. Let c be y(-5). Let r = c + -9. Calculate the highest common divisor of x and r.
5
Let a be 5*7*(-6)/(-15). Suppose 0*s = -4*s. Suppose p - 40 - a = s. What is the greatest common divisor of 6 and p?
6
Let u = -206 - -350. Calculate the highest common divisor of u and 16.
16
Let d be (-62)/6 + (-2)/(-6). Let l = d - -18. Suppose l*u - 3 = 5*u. Calculate the greatest common factor of u and 1.
1
Suppose 0 = -5*p + 4*k + 26, p - 5*k - 18 = 2*p. What is the highest common divisor of 14 and p?
2
Suppose -r + 74 = -a, 7*r - 2*r - 3*a - 366 = 0. What is the greatest common factor of r and 8?
8
Let w(j) = 17*j. Let y be w(7). Suppose 3*o - y = 61. Calculate the highest common factor of 12 and o.
12
Let u(g) = 3*g**2 + 9*g - 3. Let y be u(-4). Calculate the greatest common divisor of 6 and y.
3
Let u(z) = 2*z - 5. Let k be u(13). Calculate the highest common divisor of 7 and k.
7
Let s = -17 + 35. Suppose 2*g - 3*g = -5*t + 30, -6 = -t - g. Calculate the highest common factor of t and s.
6
Let k = -227 + 154. Let q = -33 - k. Suppose 4*g + 11 = 43. What is the highest common divisor of q and g?
8
Suppose 0 = -3*h + 48 - 3. What is the greatest common factor of h and 150?
15
Suppose 3*r + 0*r + 2*z - 868 = 0, 0 = r + 3*z - 301. Calculate the greatest common divisor of 26 and r.
26
Let x(f) = f**3 - 11*f**2 - 11*f + 30. Let h be x(12). Calculate the greatest common factor of 6 and h.
6
Let z be 6/8 + 25/4. What is the greatest common divisor of z and 56?
7
Let g be 21497/63 + (-2)/9. What is the greatest common divisor of 31 and g?
31
Let r = 42 - 15. Suppose -p + 6 = 2. Suppose 5*x - 5*a = -p*a + 17, 5*x = -a + 13. What is the highest common divisor of r and x?
3
Suppose -30 = -5*i - 4*z, -4*z - 6 = -i - 6*z. Calculate the greatest common divisor of i and 66.
6
Let j = -12 + 23. Let o = j + -9. Calculate the greatest common factor of o and 10.
2
Suppose -5*r - 40 = -5*i - r, 4*i = 4*r + 36. Suppose -5*z - 6 - i = 0. Let n be -1*z/2*1. Calculate the greatest common factor of 2 and n.
1
Let p be ((-6)/15)/(2/180). Let z = 2 - p. What is the highest common divisor of z and 57?
19
Let z(s) = -9*s - 2. Let p be z(-1). Calculate the highest common divisor of 77 and p.
7
Let n = 90 - 20. What is the highest common factor of n and 10?
10
Suppose -3*l + 58 = 2*j, 2*l + j = 4*j + 56. Suppose -3*n = n. Suppose n*x = x - l. What is the highest common divisor of x and 55?
11
Suppose 0*y - 32 = -2*y. What is the highest common divisor of 24 and y?
8
Let r(f) be the third derivative of f**5/15 + f**2. Let i be r(-1). Let v(s) = 6*s**2 - 4*s + 2. Let c be v(3). Calculate the highest common factor of c and i.
4
Let v be -7 + 2 - (3 - 2). Let g be (147/v + 2)*-2. Calculate the highest common factor of g and 5.
5
Suppose -4*u + 3*a = -46, -5*a + 0 - 16 = -2*u. What is the highest common factor of 143 and u?
13
Let l(s) = -s**2 + 9*s + 17. Let p be l(10). What is the highest common factor of 77 and p?
7
Suppose -126 = -6*r + 84. Let x(v) = -5*v - 1. Let f be x(-3). Calculate the highest common divisor of f and r.
7
Let b(y) = -y**3 + y**2 + 4*y + 2. Let s be b(-5). Let f(z) = -11*z**3 + 2*z**2 + z. Let w be f(-1). Calculate the highest common divisor of s and w.
12
Let m = -9 + 11. Suppose 0 = m*b - 5*b + 72. Suppose -t + b = -0*t. Calculate the greatest common factor of t and 12.
12
Suppose -w - 10 = -6*w. Suppose 0 = w*h - 7*h + 500. Suppose -4*c = 4*l - h, -3*l + 77 = 4*c + c. What is the highest common divisor of l and 8?
8
Let x(r) = r + 8. Let o be x(-7). Calculate the highest common factor of o and 2.
1
Suppose 5*l = 2*a + 2*l - 64, l - 64 = -2*a. What is the greatest common factor of a and 48?
16
Suppose -6*l + 5 = -l. Calculate the highest common factor of 5 and l.
1
Suppose -3*i + 44 = 5*g - g, 3*i - 5*g = 80. Calculate the highest common divisor of i and 30.
10
Let r(x) = -x**3 + 7*x**2 + 12*x - 1. Let t be r(8). Suppose -t = -4*c + 5. What is the greatest common divisor of 81 and c?
9
Let m(b) = b**2 - 7. Let k be m(7). Calculate the greatest common factor of k and 6.
6
Let s(t) = 0 + 0 - 4*t - t. Let f be s(-3). Calculate the highest common factor of 10 and f.
5
Let u = -12 + 21. Suppose -4*v - 420 = -u*v. Calculate the greatest common divisor of v and 21.
21
Suppose -4*x + 39 = 4*h + x, 0 = 3*h + 4*x - 30. Let c be 3/h*-2 + 1. Suppose c = -3*m + 8*m - 5. Calculate the greatest common factor of m and 9.
1
Let g(v) = v**2 - 4*v - 3. Let d be 1 + -3 + 3 + -4. Let q be g(d). What is the highest common divisor of 18 and q?
18
Let f be (-389)/(-6) + ((-78)/36)/(-13). What is the greatest common factor of f and 5?
5
Suppose 230 = 2*c + 3*c. Suppose 4*z = 10 + c. Calculate the greatest common factor of 28 and z.
14
Suppose 0 = c - 38 - 2. Suppose x + 0*b + 16 = -3*b, -20 = x + 4*b. Let i be (66/x)/((-4)/c). What is the highest common divisor of i and 15?
15
Let w(b) = 2*b**2 - 15*b - 3. Let a be w(17). What is the highest common factor of a and 40?
40
Suppose 4*k - 53 - 195 = 0. Let x be (-6)/2*k/(-3). Suppose -2*f - 3*f + 22 = 2*o, 4*o - x = -f. What is the greatest common divisor of 24 and o?
8
Let c be (-1 - 5/(-1))*8. Suppose -4*k + 428 = -4*g, 4*k - 3*g - 413 = -2*g. Let b = k + -54. Calculate the highest common factor of c and b.
16
Let z = 16 + -11. Suppose 46 + 14 = 5*u. Let g be (-1)/(-2) - (-294)/u. Calculate the highest common factor of g and z.
5
Let i be ((-129)/(-4))/((-9)/(-12)). What is the highest common factor of 473 and i?
43
Let j be 12/36*(61 - 1). Let n(i) = 3*i**3 - 4*i**2 + 3*i - 4. Let a be n(3). Calculate the greatest common divisor of a and j.
10
Let i(f) = 92*f - 5. Let n(c) = 31*c - 2. Let k(b) = 3*i(b) - 8*n(b). Let u be k(1). What is the greatest common factor of 232 and u?
29
Suppose 0*p = -3*p + 189. Let b(i) = -i**2 + 9*i - 9. Let r be b(6). Calculate the greatest common divisor of p and r.
9
Let z be 45/18 - 3/(-2). Let w be 40/6*6/z. Calculate the highest common factor of w and 5.
5
Let u = -85 + 141. Calculate the highest common divisor of u and 7.
7
Let z = 16 + 116. Suppose s - 13 = 1. Suppose 2*u = 10 + s. Calculate the greatest common divisor of z and u.
12
Suppose -m + 4*l = -l + 47, 64 = -2*m + 4*l. Let x = -9 - m. What is the highest common divisor of x and 13?
13
Suppose 39 + 43 = -2*u. Let y = -16 - u. Suppose a - z - 15 = z, a - 4*z - y = 0. Calculate the greatest common divisor of 1 and a.
1
Let m be 6/(5/(30/2)). What is the greatest common factor of m and 45?
9
Let o = -77 - -119. Calculate the greatest common divisor of o and 7.
7
Suppose 0 = -l - 0 - 7. Let u = 10 + l. Suppose 0 = -u*y + 47 + 55. What is the highest common factor of y and 51?
17
Suppose -j + 2*c = j - 4, 4*j - 2*c = 10. Suppose 0 = -j*z + 21. Calculate the highest common factor of 77 and z.
7
Suppose -5*l = 4*u - 23, -3*l + l - 46 = -3*u. Calculate the highest common factor of 12 and u.
12
Let h(x) = -x**2 - 10*x - 12. Suppose -d + 6*d = -40. Let g be h(d). Suppose g*r - 5*c = 36, 0*c = -r - c. What is the greatest common factor of 16 and r?
4
Suppose -s - 16 = -17. Let o be 18/4 - 4/8. Calculate the greatest common factor of o and s.
1
Let m = 508 - 323. What is the greatest common divisor of 74 and m?
37
Let r = 7 + -4. Suppose -t + 230 = 4*t + r*b, 220 = 5*t + 5*b. Let w(o) = -o**2 - 7*o + 1. Let d be w(-6). Calculate the greatest common factor of t and d.
7
Suppose -b + f = -13, 0*b - 2*b = f - 20. What is the greatest common divisor of b and 55?
11
Let q = 83 + -41